= 0. What is the units digit of d(m)?
7
Let c(z) = 63*z + 18. Let l(u) = 1575*u + 450. Let w(g) = -99*c(g) + 4*l(g). What is the tens digit of w(3)?
0
Suppose 3*k - 1 = 11. Suppose 6*w = 2*p + w + 5, 0 = 2*p + w - 1. Suppose 5*h + p*h + 14 = q, 24 = k*q - 4*h. What is the units digit of q?
4
Let k(q) = q + 13. Let c be k(-11). What is the tens digit of (-24)/30*((-221)/c + 3)?
8
Let k = -18 - -20. Let x = 35 - 16. Suppose p + x = k*p. What is the tens digit of p?
1
Suppose -2516 - 4333 = -9*s. What is the hundreds digit of s?
7
Let h(m) = 2*m**2 - 3*m. Let f be h(2). Suppose 4*i - 242 = f*n, 4*i + 2*n = 6*n + 236. What is the tens digit of i?
6
Suppose 0 = -25*r + 28*r - 15. Let t(b) = b**2 - 3*b - 3. What is the units digit of t(r)?
7
Suppose l + 2 = 0, g - 5*l + 0 = 8. What is the units digit of -4 + 10 + g + 58?
2
Let n(k) = k**2 - 4*k - 3. Let d be n(5). Suppose 6 + 9 = g. Suppose -102 = -2*b - d*a, -2*b + 3*a + 117 = g. What is the tens digit of b?
5
What is the tens digit of ((-40)/(-6) - 6)*(-1311)/(-2)?
3
Suppose -2*u + 1 + 13 = -3*f, -5*f = 2*u + 50. Let g = -8 + f. Let l = -5 - g. What is the units digit of l?
1
Let k = 26 + -85. Suppose -4*j + 69 + 21 = -2*y, 5*y + 192 = -j. Let u = y - k. What is the units digit of u?
0
Let w be (126/10)/((-18)/(-1740)). Suppose -6*j + w = 42. What is the hundreds digit of j?
1
Let k(h) = 51*h - 36. Let s(n) = -3*n - 14. Let x be s(-6). What is the tens digit of k(x)?
6
Let q = 1976 - 166. What is the units digit of q?
0
Let k(s) = -s**3 + 11*s**2 - 7*s - 22. Let z be k(10). Suppose -2*u + 4*c = -36, -5*c = -z*u + 10*u. What is the units digit of u?
0
Suppose 4*u = 5*x, 2*x = -2*u + 3*x. Suppose u = 2*o - 5*g - 61, 4*o - 115 = g + 2*g. What is the tens digit of o?
2
Let d = 1611 - 913. What is the hundreds digit of d?
6
Let n = 23 + -13. Suppose 0*b + n = 5*q - 2*b, 2*b + 2 = q. Suppose -q*l + 20 = -64. What is the units digit of l?
2
Suppose -6*l + 29580 = 9*l. What is the tens digit of l?
7
Suppose 0 = 11*t - 14*t + 6. Suppose 5*k - 3*k + 2*v + 6 = 0, 0 = t*v + 8. Suppose 5*q - k = 14. What is the units digit of q?
3
Suppose -2*j + 0*j + 20 = 0. Let a be (32/(-80))/(1/j). Let x(m) = -m**3 - 3*m**2 - m + 2. What is the units digit of x(a)?
2
What is the hundreds digit of 797 + 80/(-8 + 16)?
8
Suppose 12 = u + 2*q, 0 = -4*u - 4*q + 5*q + 30. Suppose -7*f - 1272 = -f. What is the units digit of (-2)/(-4) - f/u?
7
Let g be (-1 - -10)*(-473)/(-33). Let w = -61 + g. What is the tens digit of w?
6
Let c(i) = -3*i - 3. Let l be c(-2). Suppose l*z = -5*x + 129, 51 = -3*z + x + 162. What is the units digit of z?
8
Let g = -521 - -1028. Let m = g + -341. What is the tens digit of m?
6
Suppose 0*g = 6*g + 192. What is the units digit of 291*(g/24)/(-1 - 1)?
4
Let f(i) = -i**3 + 10*i**2 + 7*i + 6. Let p be f(10). Suppose -5*y = -2*x + 41 + 67, x = -3*y + p. What is the units digit of x?
4
Suppose -70 = -9*z + 2. Let b(w) be the third derivative of w**4/4 + 25*w**3/6 - w**2. What is the tens digit of b(z)?
7
Let l(x) = -x**3 - 5*x**2 - 6*x. Let k be 2 + -10*(-1)/(-2). Let u be k + 0 - (-3 - -4). What is the units digit of l(u)?
8
Let o = 51 + -35. Suppose 13 = k - 3*b + 3, 0 = -5*k - 2*b + o. What is the tens digit of (-6)/3*(-46)/k?
2
Suppose 4*r - 54 = -3*p, -4*r - 34 + 92 = 5*p. Suppose -2*u + r = 5*z, 2*u - 2*z - 3*z + 28 = 0. What is the units digit of (14/u - -3)*-18?
9
Let d(g) = 2*g**2 + 2*g - 2. Let w be d(-2). Suppose 8 = -w*a - 0*a. Let c(n) = 2*n**2 + 2*n + 2. What is the tens digit of c(a)?
2
Let r(x) = 63*x**2 + 30*x + 160. What is the tens digit of r(-5)?
8
Let t(n) = 2*n - 3. Let o be t(-6). What is the units digit of ((-1)/(5/o))/((-6)/(-208))?
4
Let b = -2925 - -5084. What is the thousands digit of b?
2
Suppose 8 = -4*f + 8. Suppose 490 = 5*a - 5*m, f = -2*a + m + 17 + 183. What is the units digit of a?
2
Suppose 0*k + 5*k - 10 = 0. Let b be -3 + k + (-1)/(-1). Suppose -3*g - g + 148 = b. What is the units digit of g?
7
Suppose y = 4*y + 3, -2*r + 5*y + 263 = 0. Suppose 117 = 3*h - r. What is the units digit of h?
2
Suppose -632 + 132 = 5*z. What is the tens digit of (-5 + 2)*z/30?
1
Suppose 0*y + 3*y = -2*u + 285, 5*u = 5*y - 475. Suppose 2*v - n - 43 = -7, -y = -5*v + 5*n. Let k = 37 - v. What is the tens digit of k?
2
Suppose -29 = 3*t + 2*q - 5, -2*t = -4*q + 16. What is the units digit of 18/4 - 12/t?
6
Suppose -4*j = -6 + 10, -7 = -2*f - 5*j. Suppose f*m - 856 - 92 = 0. What is the units digit of m?
8
Suppose 3*c - 49 = -l, -3*c + 28 = -2*l - 9. Let k = 15 - c. What is the units digit of 37 - (k + (4 - 5))?
8
Let o = 517 + -252. What is the hundreds digit of o?
2
Suppose 2*w - 155 = 225. What is the tens digit of w?
9
Let d = 7 + -3. Suppose -r - 2 = -d. Suppose -5*t = -r*t - 6. What is the units digit of t?
2
Suppose 2*s - 33 - 7 = 0. Suppose 3*w - s - 1 = 0. Let n = w - 1. What is the units digit of n?
6
Suppose 74*y - 79*y = -1745. What is the tens digit of y?
4
Suppose 53*n + 47728 = 217487. What is the hundreds digit of n?
2
Let y(r) = -2*r - 14. Let d(t) = t + 14. Let n(h) = -4*h - 16. Let x be n(-5). Let p(c) = x*y(c) + 5*d(c). What is the units digit of p(-6)?
2
Let g(y) = 8*y**2 - y**3 + 0*y - 4*y**2 + y. Let a be g(4). Suppose -12 = -a*m + 12. What is the units digit of m?
6
Suppose 3*u + 3*r = 5*r - 29, 0 = 4*r + 20. Let w = u - -18. What is the units digit of w?
5
Let k(s) = -11 + 2*s - 1 - 11 + 6. Let g be k(11). Suppose -3*j - 5 = -h - h, 2*h + g*j - 13 = 0. What is the units digit of h?
4
Let x = 29 + -51. Let m = 43 - x. What is the units digit of m?
5
Let k(p) = -3*p - 19. Let n be k(-8). Suppose 0 = -n*d + 116 + 469. What is the hundreds digit of d?
1
Suppose -10*n + 201 = -7*n. Let c = 147 - n. What is the units digit of c?
0
Suppose 35 = -7*a - 427. What is the tens digit of a*1*3/(-6)?
3
Suppose 11*b - 15 - 95 = 0. What is the hundreds digit of ((-5)/b)/((-5)/2110)?
2
Suppose o = -5*m - 2, o = -4*m - 4*o - 10. Let b(v) = -v**3 - 7*v**2 - 6*v - 7. Let n be b(-6). Let r = m - n. What is the units digit of r?
7
Suppose -6*z = -5*z - 2. Suppose -3*t - z*t = -570. Suppose 0 = 3*h - 9, 2*m - 3*h - t = -m. What is the units digit of m?
1
Suppose -3*b = 3*g - 2901, 3*g = 4*b - 3221 - 647. What is the hundreds digit of b?
9
Suppose -g + 4*g - 2217 = 0. What is the hundreds digit of g?
7
What is the thousands digit of 10 + (-2)/((-22)/11473)?
1
Let q(l) = l**2 + 8*l - 4. Let o be q(-8). Let y(v) = -2*v**3 + 2. What is the units digit of y(o)?
0
Let t = -11 - -14. Let s be t + 2 - 0/1. Suppose 5*w + 3*v - 41 = 0, 0 = 7*w - 2*w + s*v - 45. What is the units digit of w?
7
Let a = 62 - 56. Suppose -4*o + a*o = 180. What is the tens digit of o?
9
Let t be (-8)/4*(3 - 5). Let v(q) = -q**3 + 13*q**2 - 6. Let a(k) = k**3 - 14*k**2 - k + 7. Let j(y) = 6*a(y) + 7*v(y). What is the tens digit of j(t)?
2
Suppose -8*k + 1516 = -140. What is the tens digit of k?
0
Suppose 52*h - 47*h - 6530 = -5*g, g - 1314 = h. What is the tens digit of g?
1
Let b(f) = 4*f**2 - f. Let o be b(-3). Suppose 2*u - u + o = n, 2*n - 66 = -4*u. What is the units digit of n?
7
Suppose 0 = -r - 5*d + 21, -d - d = -r + 14. Let x be -1 - r/(-6 - -4). Suppose 5*p - 3*k = 144, -x - 3 = -5*k. What is the units digit of p?
0
Let t = 15 - 14. Suppose 2*b + 3*q = 5, 5*q + 4 + t = 0. What is the units digit of 35/(5 + (-16)/b)?
5
Let z be 28 + -2 + (-1 - -3). Let r be (-128)/z - (-6)/(-14). Let d(f) = -f**3 - 5*f**2 - 2*f + 7. What is the units digit of d(r)?
7
Let v(c) = -6*c**2 - 2*c**3 + 2 + 2*c**3 + 6*c + c**3. Let b be v(5). Suppose b + 3 = 2*u. What is the units digit of u?
5
Let v = -17 + 15. Let b be v/(-8) + 18/(-8). What is the units digit of 326/8 - b/8?
1
Suppose 4*h = 7*h - 507. Suppose -h = 12*d - 1057. What is the tens digit of d?
7
Let u = 15 + -11. Let k(z) = 40*z**3 - z. Let d be k(2). Suppose -2*h + d = u*h. What is the units digit of h?
3
Suppose p + 3*p - 368 = h, 4*h = -3*p + 257. What is the units digit of p?
1
Suppose 0 = -2*s - 10*q + 7*q + 1475, -q = s - 736. What is the units digit of s?
3
Suppose -8*m + 108 = -44. What is the units digit of m?
9
Let b(f) = f**3 - 5*f**2 - 5*f + 33. What is the hundreds digit of b(8)?
1
What is the units digit of 8000/625*(-490)/(-4)?
8
Let j = 0 + -6. Let h